{"id":455,"date":"2015-04-07T00:09:44","date_gmt":"2015-04-07T00:09:44","guid":{"rendered":"http:\/\/benabraham.org\/en\/?page_id=455"},"modified":"2015-11-20T00:51:59","modified_gmt":"2015-11-20T00:51:59","slug":"judeus-indo-para-o-trabalho-forcado","status":"publish","type":"page","link":"http:\/\/benabraham.org\/pt-br\/miriam-nekrycz\/a-guerra-chega-a-luck\/judeus-indo-para-o-trabalho-forcado\/","title":{"rendered":"Judeus Indo para o Trabalho For\u00e7ado"},"content":{"rendered":"<section id=\"builder-section-1447980355580\" class=\"builder-section builder-section-first builder-section-text builder-section-last builder-text-columns-2\" style=\"\">\n<div class=\"builder-section-content\">\n<div class=\"builder-text-column builder-text-column-1\" id=\"builder-section-1447980355580-column-1\">\n<div class=\"builder-text-content\">\n<p>Os nazistas trabalhavam para atingir seu objetivo da &#8220;aniquila\u00e7\u00e3o pelo trabalho&#8221;, por meio de trabalho for\u00e7ado que era frequentemente sem proveito e humilhante, imposto sem equipamento, roupas, alimenta\u00e7\u00e3o ou descanso adequados&#8221;. Por todo o Holocausto, mais de sete milh\u00f5es de trabalhadores considerados &#8220;aptos para o trabalho&#8221; por oficiais da SS foram enviados para horas intermin\u00e1veis em f\u00e1bricas de muni\u00e7\u00e3o e pe\u00e7as para aeronaves, pedreiras, olarias, minas de carv\u00e3o e outras ind\u00fastrias para fabricarem bens e suprimentos para o esfor\u00e7o de Guerra alem\u00e3o. Flick, I.G. Farben, BMW, Siemens, Messerschmitt, Daimler-Benz, Krupp e outras ind\u00fastrias vitais para o esfor\u00e7o de Guerra tornaram-se cheias de prisioneiros vindos dos campos de concentra\u00e7\u00e3o.<\/p>\n<\/p><\/div>\n<\/p><\/div>\n<div class=\"builder-text-column builder-text-column-2\" id=\"builder-section-1447980355580-column-2\">\n<div class=\"builder-text-content\">\n<figure id=\"attachment_453\" aria-describedby=\"caption-attachment-453\" style=\"width: 300px\" class=\"wp-caption alignright\"><a href=\"http:\/\/benabraham.org\/pt-br\/directory\/uploads\/2015\/04\/forced-laborers.png\"><img loading=\"lazy\" decoding=\"async\" class=\"wp-image-453\" src=\"http:\/\/benabraham.org\/pt-br\/directory\/uploads\/2015\/04\/forced-laborers-244x300.png\" alt=\"forced laborers\" width=\"300\" height=\"369\" srcset=\"http:\/\/benabraham.org\/en\/directory\/uploads\/2015\/04\/forced-laborers-244x300.png 244w, http:\/\/benabraham.org\/en\/directory\/uploads\/2015\/04\/forced-laborers.png 480w\" sizes=\"auto, (max-width: 300px) 100vw, 300px\" \/><\/a><figcaption id=\"caption-attachment-453\" class=\"wp-caption-text\">Judeus Indo para o Trabalho For\u00e7ado. (Giz de Cera).<\/figcaption><\/figure>\n<\/p><\/div>\n<\/p><\/div>\n<\/p><\/div>\n<\/section>\n","protected":false},"excerpt":{"rendered":"<p>Os nazistas trabalhavam para atingir seu objetivo da &#8220;aniquila\u00e7\u00e3o pelo trabalho&#8221;, por meio de trabalho for\u00e7ado que era frequentemente sem proveito e humilhante, imposto sem equipamento, roupas, alimenta\u00e7\u00e3o ou descanso adequados&#8221;. Por todo o Holocausto, mais de sete milh\u00f5es de trabalhadores considerados &#8220;aptos para o trabalho&#8221; por oficiais da SS foram enviados para horas intermin\u00e1veis &hellip;<\/p>\n","protected":false},"author":3,"featured_media":0,"parent":155,"menu_order":0,"comment_status":"closed","ping_status":"closed","template":"template-builder.php","meta":{"footnotes":""},"class_list":["post-455","page","type-page","status-publish","hentry"],"_links":{"self":[{"href":"http:\/\/benabraham.org\/pt-br\/wp-json\/wp\/v2\/pages\/455","targetHints":{"allow":["GET"]}}],"collection":[{"href":"http:\/\/benabraham.org\/pt-br\/wp-json\/wp\/v2\/pages"}],"about":[{"href":"http:\/\/benabraham.org\/pt-br\/wp-json\/wp\/v2\/types\/page"}],"author":[{"embeddable":true,"href":"http:\/\/benabraham.org\/pt-br\/wp-json\/wp\/v2\/users\/3"}],"replies":[{"embeddable":true,"href":"http:\/\/benabraham.org\/pt-br\/wp-json\/wp\/v2\/comments?post=455"}],"version-history":[{"count":2,"href":"http:\/\/benabraham.org\/pt-br\/wp-json\/wp\/v2\/pages\/455\/revisions"}],"predecessor-version":[{"id":1390,"href":"http:\/\/benabraham.org\/pt-br\/wp-json\/wp\/v2\/pages\/455\/revisions\/1390"}],"up":[{"embeddable":true,"href":"http:\/\/benabraham.org\/pt-br\/wp-json\/wp\/v2\/pages\/155"}],"wp:attachment":[{"href":"http:\/\/benabraham.org\/pt-br\/wp-json\/wp\/v2\/media?parent=455"}],"curies":[{"name":"wp","href":"https:\/\/api.w.org\/{rel}","templated":true}]}}

Judeus Indo para o Trabalho Forçado

<section id="builder-section-1447980355580" class="builder-section builder-section-first builder-section-text builder-section-last builder-text-columns-2" style="">
<div class="builder-section-content">
<div class="builder-text-column builder-text-column-1" id="builder-section-1447980355580-column-1">
<div class="builder-text-content">
<p>Os nazistas trabalhavam para atingir seu objetivo da &#8220;aniquilação pelo trabalho&#8221;, por meio de trabalho forçado que era frequentemente sem proveito e humilhante, imposto sem equipamento, roupas, alimentação ou descanso adequados&#8221;. Por todo o Holocausto, mais de sete milhões de trabalhadores considerados &#8220;aptos para o trabalho&#8221; por oficiais da SS foram enviados para horas intermináveis em fábricas de munição e peças para aeronaves, pedreiras, olarias, minas de carvão e outras indústrias para fabricarem bens e suprimentos para o esforço de Guerra alemão. Flick, I.G. Farben, BMW, Siemens, Messerschmitt, Daimler-Benz, Krupp e outras indústrias vitais para o esforço de Guerra tornaram-se cheias de prisioneiros vindos dos campos de concentração.</p>
</p></div>
</p></div>
<div class="builder-text-column builder-text-column-2" id="builder-section-1447980355580-column-2">
<div class="builder-text-content">
<figure id="attachment_453" aria-describedby="caption-attachment-453" style="width: 300px" class="wp-caption alignright"><a href="http://benabraham.org/pt-br/directory/uploads/2015/04/forced-laborers.png"><img loading="lazy" decoding="async" class="wp-image-453" src="http://benabraham.org/pt-br/directory/uploads/2015/04/forced-laborers-244x300.png" alt="forced laborers" width="300" height="369" srcset="http://benabraham.org/en/directory/uploads/2015/04/forced-laborers-244x300.png 244w, http://benabraham.org/en/directory/uploads/2015/04/forced-laborers.png 480w" sizes="auto, (max-width: 300px) 100vw, 300px" /></a><figcaption id="caption-attachment-453" class="wp-caption-text">Judeus Indo para o Trabalho Forçado. (Giz de Cera).</figcaption></figure>
</p></div>
</p></div>
</p></div>
</section>

<p>Os nazistas trabalhavam para atingir seu objetivo da &#8220;aniquilação pelo trabalho&#8221;, por meio de trabalho forçado que era frequentemente sem proveito e humilhante, imposto sem equipamento, roupas, alimentação ou descanso adequados&#8221;. Por todo o Holocausto, mais de sete milhões de trabalhadores considerados &#8220;aptos para o trabalho&#8221; por oficiais da SS foram enviados para horas intermináveis &hellip;</p>
