{"id":689,"date":"2015-05-01T14:26:47","date_gmt":"2015-05-01T14:26:47","guid":{"rendered":"http:\/\/benabraham.org\/en\/?page_id=689"},"modified":"2015-11-20T01:01:47","modified_gmt":"2015-11-20T01:01:47","slug":"uniforme-de-auschwitz","status":"publish","type":"page","link":"http:\/\/benabraham.org\/pt-br\/duas-semanas-em-auschwitz\/chegada-e-selecao-em-auschwitz-birkenau-ii\/uniforme-de-auschwitz\/","title":{"rendered":"Uniforme de Auschwitz"},"content":{"rendered":"<section id=\"builder-section-1447981297066\" class=\"builder-section builder-section-first builder-section-text builder-section-last builder-text-columns-2\" style=\"\">\n<div class=\"builder-section-content\">\n<div class=\"builder-text-column builder-text-column-1\" id=\"builder-section-1447981297066-column-1\">\n<div class=\"builder-text-content\">\n<p>A sobrevivente Miso Vogel descreve o uniforme que recebeu no campo de concentra\u00e7\u00e3o de Auschwitz: &#8220;&#8230; eles nos colocavam onde nos davam a roupa, mas n\u00e3o a roupa que n\u00f3s trouxemos. Eles nos davam uma boina marrom listrada, uma jaqueta, uma jaqueta listrada, cal\u00e7as listradas, um par de tamancos de madeira, e uma camisa&#8230;<br \/>\nEnt\u00e3o na \u00faltima \u00e1rea, onde eles nos davam o uniforme, eles nos davam duas faixas de tecido. O tecido, eu diria, tinha uns 40 cent\u00edmetros de comprimento, e talvez uns quatro cent\u00edmetros de largura, e nele tinha a Estrela de Davi, correspondendo com o n\u00famero no seu antebra\u00e7o esquerdo, costurado no lado esquerdo do peito, e na perna direita da cal\u00e7a&#8221;.<\/p>\n<\/p><\/div>\n<\/p><\/div>\n<div class=\"builder-text-column builder-text-column-2\" id=\"builder-section-1447981297066-column-2\">\n<div class=\"builder-text-content\">\n<figure id=\"attachment_687\" aria-describedby=\"caption-attachment-687\" style=\"width: 401px\" class=\"wp-caption alignright\"><a href=\"http:\/\/benabraham.org\/pt-br\/directory\/uploads\/2015\/05\/uniforme-de-auschwitz.jpg\"><img loading=\"lazy\" decoding=\"async\" class=\"wp-image-687\" src=\"http:\/\/benabraham.org\/pt-br\/directory\/uploads\/2015\/05\/uniforme-de-auschwitz-300x225.jpg\" alt=\"uniforme de auschwitz\" width=\"401\" height=\"301\" srcset=\"http:\/\/benabraham.org\/en\/directory\/uploads\/2015\/05\/uniforme-de-auschwitz-300x225.jpg 300w, http:\/\/benabraham.org\/en\/directory\/uploads\/2015\/05\/uniforme-de-auschwitz.jpg 800w\" sizes=\"auto, (max-width: 401px) 100vw, 401px\" \/><\/a><figcaption id=\"caption-attachment-687\" class=\"wp-caption-text\">Uniforme de Auschwitz. (Giz de Cera).<\/figcaption><\/figure>\n<\/p><\/div>\n<\/p><\/div>\n<\/p><\/div>\n<\/section>\n","protected":false},"excerpt":{"rendered":"<p>A sobrevivente Miso Vogel descreve o uniforme que recebeu no campo de concentra\u00e7\u00e3o de Auschwitz: &#8220;&#8230; eles nos colocavam onde nos davam a roupa, mas n\u00e3o a roupa que n\u00f3s trouxemos. Eles nos davam uma boina marrom listrada, uma jaqueta, uma jaqueta listrada, cal\u00e7as listradas, um par de tamancos de madeira, e uma camisa&#8230; Ent\u00e3o &hellip;<\/p>\n","protected":false},"author":3,"featured_media":0,"parent":305,"menu_order":0,"comment_status":"closed","ping_status":"closed","template":"template-builder.php","meta":{"footnotes":""},"class_list":["post-689","page","type-page","status-publish","hentry"],"_links":{"self":[{"href":"http:\/\/benabraham.org\/pt-br\/wp-json\/wp\/v2\/pages\/689","targetHints":{"allow":["GET"]}}],"collection":[{"href":"http:\/\/benabraham.org\/pt-br\/wp-json\/wp\/v2\/pages"}],"about":[{"href":"http:\/\/benabraham.org\/pt-br\/wp-json\/wp\/v2\/types\/page"}],"author":[{"embeddable":true,"href":"http:\/\/benabraham.org\/pt-br\/wp-json\/wp\/v2\/users\/3"}],"replies":[{"embeddable":true,"href":"http:\/\/benabraham.org\/pt-br\/wp-json\/wp\/v2\/comments?post=689"}],"version-history":[{"count":1,"href":"http:\/\/benabraham.org\/pt-br\/wp-json\/wp\/v2\/pages\/689\/revisions"}],"predecessor-version":[{"id":1396,"href":"http:\/\/benabraham.org\/pt-br\/wp-json\/wp\/v2\/pages\/689\/revisions\/1396"}],"up":[{"embeddable":true,"href":"http:\/\/benabraham.org\/pt-br\/wp-json\/wp\/v2\/pages\/305"}],"wp:attachment":[{"href":"http:\/\/benabraham.org\/pt-br\/wp-json\/wp\/v2\/media?parent=689"}],"curies":[{"name":"wp","href":"https:\/\/api.w.org\/{rel}","templated":true}]}}

<section id="builder-section-1447981297066" class="builder-section builder-section-first builder-section-text builder-section-last builder-text-columns-2" style="">
<div class="builder-section-content">
<div class="builder-text-column builder-text-column-1" id="builder-section-1447981297066-column-1">
<div class="builder-text-content">
<p>A sobrevivente Miso Vogel descreve o uniforme que recebeu no campo de concentração de Auschwitz: &#8220;&#8230; eles nos colocavam onde nos davam a roupa, mas não a roupa que nós trouxemos. Eles nos davam uma boina marrom listrada, uma jaqueta, uma jaqueta listrada, calças listradas, um par de tamancos de madeira, e uma camisa&#8230;<br />
Então na última área, onde eles nos davam o uniforme, eles nos davam duas faixas de tecido. O tecido, eu diria, tinha uns 40 centímetros de comprimento, e talvez uns quatro centímetros de largura, e nele tinha a Estrela de Davi, correspondendo com o número no seu antebraço esquerdo, costurado no lado esquerdo do peito, e na perna direita da calça&#8221;.</p>
</p></div>
</p></div>
<div class="builder-text-column builder-text-column-2" id="builder-section-1447981297066-column-2">
<div class="builder-text-content">
<figure id="attachment_687" aria-describedby="caption-attachment-687" style="width: 401px" class="wp-caption alignright"><a href="http://benabraham.org/pt-br/directory/uploads/2015/05/uniforme-de-auschwitz.jpg"><img loading="lazy" decoding="async" class="wp-image-687" src="http://benabraham.org/pt-br/directory/uploads/2015/05/uniforme-de-auschwitz-300x225.jpg" alt="uniforme de auschwitz" width="401" height="301" srcset="http://benabraham.org/en/directory/uploads/2015/05/uniforme-de-auschwitz-300x225.jpg 300w, http://benabraham.org/en/directory/uploads/2015/05/uniforme-de-auschwitz.jpg 800w" sizes="auto, (max-width: 401px) 100vw, 401px" /></a><figcaption id="caption-attachment-687" class="wp-caption-text">Uniforme de Auschwitz. (Giz de Cera).</figcaption></figure>
</p></div>
</p></div>
</p></div>
</section>

<p>A sobrevivente Miso Vogel descreve o uniforme que recebeu no campo de concentração de Auschwitz: &#8220;&#8230; eles nos colocavam onde nos davam a roupa, mas não a roupa que nós trouxemos. Eles nos davam uma boina marrom listrada, uma jaqueta, uma jaqueta listrada, calças listradas, um par de tamancos de madeira, e uma camisa&#8230; Então &hellip;</p>
