{"id":153,"date":"2015-04-01T02:29:48","date_gmt":"2015-04-01T02:29:48","guid":{"rendered":"http:\/\/benabraham.org\/en\/?page_id=153"},"modified":"2015-10-15T22:10:10","modified_gmt":"2015-10-15T22:10:10","slug":"miriam-nekrycz","status":"publish","type":"page","link":"https:\/\/benabraham.org\/pt-br\/miriam-nekrycz\/","title":{"rendered":"Miriam Nekrycz"},"content":{"rendered":"<figure id=\"attachment_76\" aria-describedby=\"caption-attachment-76\" style=\"width: 216px\" class=\"wp-caption alignright\"><a href=\"http:\/\/benabraham.org\/pt-br\/directory\/uploads\/2015\/04\/Sobreviventes_Miriam-Nekricz.jpg\"><img loading=\"lazy\" decoding=\"async\" class=\"wp-image-76 size-medium\" src=\"http:\/\/benabraham.org\/en\/directory\/uploads\/2015\/04\/Sobreviventes_Miriam-Nekricz-216x300.jpg\" alt=\"\" width=\"216\" height=\"300\" srcset=\"https:\/\/benabraham.org\/en\/directory\/uploads\/2015\/04\/Sobreviventes_Miriam-Nekricz-216x300.jpg 216w, https:\/\/benabraham.org\/en\/directory\/uploads\/2015\/04\/Sobreviventes_Miriam-Nekricz-736x1024.jpg 736w, https:\/\/benabraham.org\/en\/directory\/uploads\/2015\/04\/Sobreviventes_Miriam-Nekricz.jpg 1400w\" sizes=\"auto, (max-width: 216px) 100vw, 216px\" \/><\/a><figcaption id=\"caption-attachment-76\" class=\"wp-caption-text\">Miriam Nekrycz. (Pintura a \u00f3leo).<\/figcaption><\/figure>\n<p>O relato de Miriam Nekrycz como sobrevivente do Holocausto compreende as v\u00e1rias fases da Guerra, passando pelas ocupa\u00e7\u00f5es sovi\u00e9tica e nazista da Europa Oriental at\u00e9 a liberta\u00e7\u00e3o dos campos de concentra\u00e7\u00e3o.<\/p>\n<p>Ainda adolescente, ela experimentou as tribula\u00e7\u00f5es dos sobreviventes judeus, como uma refugiada ansiosa por deixar a Europa e chegar a Eretz-Israel, a despeito do bloqueio naval brit\u00e2nico.<\/p>\n<p>Ap\u00f3s testemunhar os primeiros dias do estabelecimento do Estado de Israel e a Guerra de Independ\u00eancia de 1948, ela decidiu passar alguns meses no Brasil \u2013 sem saber que adotaria esse pa\u00eds como seu novo lar.<\/p>\n<p>Se\u00e7\u00f5es:<\/p>\n<p><a href=\"http:\/\/benabraham.org\/pt-br\/?p=155\">A Guerra chega a Luck<\/a><br \/>\n<a href=\"http:\/\/benabraham.org\/pt-br\/?p=157\">Deporta\u00e7\u00e3o, Perda e Esconderijo <\/a><br \/>\n<a href=\"http:\/\/benabraham.org\/pt-br\/?p=159\">Liberta\u00e7\u00e3o<\/a><br \/>\n<a href=\"http:\/\/benabraham.org\/pt-br\/?p=161\">Retorno \u00e0s Origens Judaicas <\/a><br \/>\n<a href=\"http:\/\/benabraham.org\/pt-br\/?p=364\">Refugiada na Alemanha<\/a><br \/>\n<a href=\"http:\/\/benabraham.org\/pt-br\/?p=1185\">Deportada para Chipre<\/a><br \/>\n<a href=\"http:\/\/benabraham.org\/pt-br\/?p=404\">Finalmente em Israel<\/a><br \/>\n<a href=\"http:\/\/benabraham.org\/pt-br\/?p=366\">Brasil<\/a><\/p>\n","protected":false},"excerpt":{"rendered":"<p>O relato de Miriam Nekrycz como sobrevivente do Holocausto compreende as v\u00e1rias fases da Guerra, passando pelas ocupa\u00e7\u00f5es sovi\u00e9tica e nazista da Europa Oriental at\u00e9 a liberta\u00e7\u00e3o dos campos de concentra\u00e7\u00e3o. Ainda adolescente, ela experimentou as tribula\u00e7\u00f5es dos sobreviventes judeus, como uma refugiada ansiosa por deixar a Europa e chegar a Eretz-Israel, a despeito do &hellip;<\/p>\n","protected":false},"author":3,"featured_media":0,"parent":0,"menu_order":0,"comment_status":"closed","ping_status":"closed","template":"","meta":{"footnotes":""},"class_list":["post-153","page","type-page","status-publish","hentry"],"_links":{"self":[{"href":"https:\/\/benabraham.org\/pt-br\/wp-json\/wp\/v2\/pages\/153","targetHints":{"allow":["GET"]}}],"collection":[{"href":"https:\/\/benabraham.org\/pt-br\/wp-json\/wp\/v2\/pages"}],"about":[{"href":"https:\/\/benabraham.org\/pt-br\/wp-json\/wp\/v2\/types\/page"}],"author":[{"embeddable":true,"href":"https:\/\/benabraham.org\/pt-br\/wp-json\/wp\/v2\/users\/3"}],"replies":[{"embeddable":true,"href":"https:\/\/benabraham.org\/pt-br\/wp-json\/wp\/v2\/comments?post=153"}],"version-history":[{"count":2,"href":"https:\/\/benabraham.org\/pt-br\/wp-json\/wp\/v2\/pages\/153\/revisions"}],"predecessor-version":[{"id":1378,"href":"https:\/\/benabraham.org\/pt-br\/wp-json\/wp\/v2\/pages\/153\/revisions\/1378"}],"wp:attachment":[{"href":"https:\/\/benabraham.org\/pt-br\/wp-json\/wp\/v2\/media?parent=153"}],"curies":[{"name":"wp","href":"https:\/\/api.w.org\/{rel}","templated":true}]}}

<figure id="attachment_76" aria-describedby="caption-attachment-76" style="width: 216px" class="wp-caption alignright"><a href="http://benabraham.org/pt-br/directory/uploads/2015/04/Sobreviventes_Miriam-Nekricz.jpg"><img loading="lazy" decoding="async" class="wp-image-76 size-medium" src="http://benabraham.org/en/directory/uploads/2015/04/Sobreviventes_Miriam-Nekricz-216x300.jpg" alt="" width="216" height="300" srcset="https://benabraham.org/en/directory/uploads/2015/04/Sobreviventes_Miriam-Nekricz-216x300.jpg 216w, https://benabraham.org/en/directory/uploads/2015/04/Sobreviventes_Miriam-Nekricz-736x1024.jpg 736w, https://benabraham.org/en/directory/uploads/2015/04/Sobreviventes_Miriam-Nekricz.jpg 1400w" sizes="auto, (max-width: 216px) 100vw, 216px" /></a><figcaption id="caption-attachment-76" class="wp-caption-text">Miriam Nekrycz. (Pintura a óleo).</figcaption></figure>
<p>O relato de Miriam Nekrycz como sobrevivente do Holocausto compreende as várias fases da Guerra, passando pelas ocupações soviética e nazista da Europa Oriental até a libertação dos campos de concentração.</p>
<p>Ainda adolescente, ela experimentou as tribulações dos sobreviventes judeus, como uma refugiada ansiosa por deixar a Europa e chegar a Eretz-Israel, a despeito do bloqueio naval britânico.</p>
<p>Após testemunhar os primeiros dias do estabelecimento do Estado de Israel e a Guerra de Independência de 1948, ela decidiu passar alguns meses no Brasil – sem saber que adotaria esse país como seu novo lar.</p>
<p>Seções:</p>
<p><a href="http://benabraham.org/pt-br/?p=155">A Guerra chega a Luck</a><br />
<a href="http://benabraham.org/pt-br/?p=157">Deportação, Perda e Esconderijo </a><br />
<a href="http://benabraham.org/pt-br/?p=159">Libertação</a><br />
<a href="http://benabraham.org/pt-br/?p=161">Retorno às Origens Judaicas </a><br />
<a href="http://benabraham.org/pt-br/?p=364">Refugiada na Alemanha</a><br />
<a href="http://benabraham.org/pt-br/?p=1185">Deportada para Chipre</a><br />
<a href="http://benabraham.org/pt-br/?p=404">Finalmente em Israel</a><br />
<a href="http://benabraham.org/pt-br/?p=366">Brasil</a></p>

<p>O relato de Miriam Nekrycz como sobrevivente do Holocausto compreende as várias fases da Guerra, passando pelas ocupações soviética e nazista da Europa Oriental até a libertação dos campos de concentração. Ainda adolescente, ela experimentou as tribulações dos sobreviventes judeus, como uma refugiada ansiosa por deixar a Europa e chegar a Eretz-Israel, a despeito do &hellip;</p>
